7.
3, 13, 2833
List the prime factors of 26634.
2, 3, 23, 193
List the prime factors of 82140.
2, 3, 5, 37
What are the prime factors of 1819?
17, 107
List the prime factors of 132.
2, 3, 11
What are the prime factors of 1048?
2, 131
List the prime factors of 63656.
2, 73, 109
What are the prime factors of 11015?
5, 2203
List the prime factors of 32135.
5, 6427
List the prime factors of 23848.
2, 11, 271
List the prime factors of 21564.
2, 3, 599
List the prime factors of 12275.
5, 491
List the prime factors of 52.
2, 13
What are the prime factors of 1355?
5, 271
What are the prime factors of 127008?
2, 3, 7
What are the prime factors of 3350?
2, 5, 67
What are the prime factors of 849?
3, 283
What are the prime factors of 12375?
3, 5, 11
What are the prime factors of 9100?
2, 5, 7, 13
What are the prime factors of 1049?
1049
What are the prime factors of 101?
101
What are the prime factors of 1737?
3, 193
What are the prime factors of 2986?
2, 1493
What are the prime factors of 366?
2, 3, 61
What are the prime factors of 227?
227
List the prime factors of 20164.
2, 71
What are the prime factors of 488?
2, 61
List the prime factors of 3148.
2, 787
List the prime factors of 31551.
3, 13, 809
What are the prime factors of 490?
2, 5, 7
List the prime factors of 205.
5, 41
What are the prime factors of 4760?
2, 5, 7, 17
List the prime factors of 3585.
3, 5, 239
List the prime factors of 1904.
2, 7, 17
What are the prime factors of 121160?
2, 5, 13, 233
What are the prime factors of 777?
3, 7, 37
List the prime factors of 2901.
3, 967
List the prime factors of 536.
2, 67
List the prime factors of 3485.
5, 17, 41
List the prime factors of 3679.
13, 283
What are the prime factors of 2010?
2, 3, 5, 67
What are the prime factors of 3660?
2, 3, 5, 61
What are the prime factors of 6415?
5, 1283
What are the prime factors of 10777?
13, 829
List the prime factors of 137922.
2, 3, 127, 181
List the prime factors of 3866.
2, 1933
What are the prime factors of 112823?
257, 439
What are the prime factors of 905?
5, 181
List the prime factors of 24890.
2, 5, 19, 131
List the prime factors of 25365.
3, 5, 19, 89
What are the prime factors of 106645?
5, 7, 11, 277
List the prime factors of 7227.
3, 11, 73
What are the prime factors of 6153?
3, 7, 293
List the prime factors of 2996.
2, 7, 107
List the prime factors of 182.
2, 7, 13
What are the prime factors of 11649?
3, 11, 353
What are the prime factors of 591?
3, 197
What are the prime factors of 9410?
2, 5, 941
List the prime factors of 7223.
31, 233
What are the prime factors of 125982?
2, 3, 2333
List the prime factors of 2116.
2, 23
List the prime factors of 46046.
2, 7, 11, 13, 23
What are the prime factors of 739?
739
List the prime factors of 21902.
2, 47, 233
List the prime factors of 139862.
2, 69931
What are the prime factors of 35749?
7, 5107
What are the prime factors of 939?
3, 313
List the prime factors of 58603.
58603
List the prime factors of 7692.
2, 3, 641
List the prime factors of 72697.
139, 523
What are the prime factors of 146137?
317, 461
What are the prime factors of 89400?
2, 3, 5, 149
What are the prime factors of 6124?
2, 1531
What are the prime factors of 6241?
79
What are the prime factors of 26479?
26479
What are the prime factors of 3830?
2, 5, 383
What are the prime factors of 91661?
71, 1291
What are the prime factors of 82851?
3, 27617
What are the prime factors of 5977?
43, 139
List the prime factors of 1870.
2, 5, 11, 17
What are the prime factors of 1624?
2, 7, 29
List the prime factors of 261.
3, 29
List the prime factors of 22558.
2, 11279
List the prime factors of 28066.
2, 14033
What are the prime factors of 43987?
43987
What are the prime factors of 4137?
3, 7, 197
List the prime factors of 39053.
7, 797
What are the prime factors of 7167?
3, 2389
List the prime factors of 15859.
15859
What are the prime factors of 42546?
2, 3, 7, 1013
What are the prime factors of 6407?
43, 149
List the prime factors of 4519.
4519
What are the prime factors of 1891?
31, 61
What are the prime factors of 55080?
2, 3, 5, 17
What are the prime factors of 142453?
142453
What are the prime factors of 2409?
3, 11, 73
List the prime factors of 9409.
97
What are the prime factors of 15252?
2, 3, 31, 41
What are the prime factors of 5713?
29, 197
List the prime factors of 9717.
3, 41, 79
What are the prime factors of 4976?
2, 311
What are the prime factors of 87286?
2, 19, 2297
What are the prime factors of 195?
3, 5, 13
What are the prime factors of 52735?
5, 53, 199
List the prime factors of 1256.
2, 157
List the prime factors of 1418.
2, 709
List the prime factors of 120810.
2, 3, 5, 4027
List the prime factors of 3448.
2, 431
What are the prime factors of 131499?
3, 19, 769
What are the prime factors of 3322?
2, 11, 151
List the prime factors of 1799.
7, 257
List the prime factors of 9086.
2, 7, 11, 59
What are the prime factors of 1776?
2, 3, 37
List the prime factors of 26310.
2, 3, 5, 877
What are the prime factors of 2113?
2113
List the prime factors of 17125.
5, 137
List the prime factors of 1075.
5, 43
What are the prime factors of 7262?
2, 3631
List the prime factors of 75869.
75869
List the prime factors of 288.
2, 3
List the prime factors of 432.
2, 3
What are the prime factors of 76057?
19, 4003
List the prime factors of 15455.
5, 11, 281
List the prime factors of 3460.
2, 5, 173
What are the prime factors of 1057?
7, 151
What are the prime factors of 120181?
120181
What are the prime factors of 744?
2, 3, 31
List the prime factors of 7521.
3, 23, 109
What are the prime factors of 3435?
3, 5, 229
What are the prime factors of 6314?
2, 7, 11, 41
What are the prime factors of 114433?
11, 101, 103
What are the prime factors of 31734?
2, 3, 41, 43
What are the prime factors of 41606?
2, 71, 293
What are the prime factors of 14174?
2, 19, 373
List the prime factors of 20957.
19, 1103
What are the prime factors of 3203?
3203
List the prime factors of 5915.
5, 7, 13
What are the prime factors of 33252?
2, 3, 17, 163
List the prime factors of 23212.
2, 7, 829
What are the prime factors of 2705?
5, 541
What are the prime factors of 20451?
3, 17, 401
What are the prime factors of 2356?
2, 19, 31
List the prime factors of 15316.
2, 7, 547
What are the prime factors of 384?
2, 3
What are the prime factors of 1169?
7, 167
What are the prime factors of 8666?
2, 7, 619
List the prime factors of 12804.
2, 3, 11, 97
List the prime factors of 4981.
17, 293
What are the prime factors of 8825?
5, 353
What are the prime factors of 2179?
2179
What are the prime factors of 1264?
2, 79
List the prime factors of 23309.
11, 13, 163
List the prime factors of 22978.
2, 11489
List the prime factors of 62512.
2, 3907
List the prime factors of 54333.
3, 6037
List the prime factors of 32.
2
List the prime factors of 29242.
2, 14621
List the prime factors of 9186.
2, 3, 1531
What are the prime factors of 4337?
4337
List the prime factors of 26541.
3, 983
List the prime factors of 48.
2, 3
What are the prime factors of 49082?
2, 11, 23, 97
What are the prime factors of 16870?
2, 5, 7, 241
List the prime factors of 16035.
3, 5, 1069
List the prime factors of 1029.
3, 7
List the prime factors of 23510.
2, 5, 2351
List the prime factors of 2803.
2803
What are the prime factors of 20686?
2, 10343
What are the prime factors of 9067?
9067
What are the prime factors of 14137?
67, 211
What are the prime factors of 26736?
2, 3, 557
What are the prime factors of 12413?
12413
List the prime factors of 16623.
3, 1847
What are the prime factors of 23330?
2, 5, 2333
What are the prime factors of 3898?
2, 1949
List the prime factors of 2400.
2, 3, 5
What are the prime factors of 8087?
8087
List the prime factors of 791.
7, 113
List the prime factors of 1574.
2, 787
List the prime factors of 11642.
2, 5821
What are the prime factors of 66714?
2, 3, 11119
List the prime factors of 8636.
2, 17, 127
List the prime factors of 722.
2, 19
List the prime factors of 20364.
2, 3, 1697
List the prime factors of 16797.
3, 11, 509
What are the prime factors of 4971?
3, 1657
List the prime factors of 1632.
2, 3, 17
List the prime factors of 489.
3, 163
List the prime factors of 323.
17, 19
List the prime factors of 84633.
3, 28211
List th